{"id":109,"date":"2017-03-03T19:40:30","date_gmt":"2017-03-03T18:40:30","guid":{"rendered":"http:\/\/www.sas.wnecie.pl\/?page_id=109"},"modified":"2017-10-06T07:46:21","modified_gmt":"2017-10-06T05:46:21","slug":"zajecia-fakultatywne","status":"publish","type":"page","link":"https:\/\/serockaakademia.pl\/index.php\/zajecia-fakultatywne\/","title":{"rendered":"zaj\u0119cia fakultatywne"},"content":{"rendered":"<p style=\"text-align: center;\"><strong>Zaj\u0119cia fakultatywne<\/strong><\/p>\n<p>W semestrze zimowym prowadzone s\u0105 nast\u0119puj\u0105ce zaj\u0119cia fakultatywne do wyboru przez s\u0142uchaczy.<\/p>\n<p><strong><u>Gimnastyka dla senior\u00f3w <\/u><\/strong><\/p>\n<p>Zaj\u0119cia odbywaj\u0105 si\u0119 3 razy w tygodniu po jednej godzinie w poniedzia\u0142ki, \u015brody i pi\u0105tki w 2 grupach:<\/p>\n<p><strong>I grupa godz. 8.10 \u2013 9.10<\/strong><\/p>\n<p><strong>II grupa godz. 10.10 \u2013 11.10<\/strong><\/p>\n<p>Zaj\u0119cia prowadzi p. Kinga Fr\u0105ckiewicz.<\/p>\n<p>Miejsce zaj\u0119\u0107: Sala Widowiskowa CKiCz w Serocku ul. Pu\u0142tuska 35.<\/p>\n<p><strong><u>Trening pami\u0119ci <\/u><\/strong><\/p>\n<p>Zaj\u0119cia odbywaj\u0105 si\u0119 co 2 tygodnie po 2 godziny lekcyjne <strong>w co drugi wtorek\u00a0 godz. 9.30 \u2013<\/strong>\u00a0<b>11.00.<\/b><\/p>\n<p>Zaj\u0119cia prowadzi psycholog Wanda Uszok.<\/p>\n<p>Planowane terminy zaj\u0119\u0107:<\/p>\n<p>10 i 24 pa\u017adziernik<\/p>\n<p>7 i 21 listopad<\/p>\n<p>5 i 19 grudzie\u0144<\/p>\n<p>9 stycze\u0144<\/p>\n<p>Miejsce zaj\u0119\u0107: Klub Aktywno\u015bci Spo\u0142ecznej w Serocku ul. Ko\u015bciuszki 8a.<\/p>\n<p><strong><u>Konsultacje komputerowe\u00a0<\/u><\/strong><\/p>\n<p>Konsultacje odbywaj\u0105 si\u0119 w cyklu 2 tygodniowym po 2 godziny lekcyjne w \u015brody w\u00a0<strong style=\"font-size: 1rem;\">godz. 16.00 \u2013 17.30 po 21.<\/strong><\/p>\n<p>Zaj\u0119cia prowadzi Kazimierz Nizi\u0144ski.<\/p>\n<p>Planowane terminy zaj\u0119\u0107:<\/p>\n<p>11 i 25 pa\u017adziernik<\/p>\n<p>8 i 22 listopad<\/p>\n<p>6 i 20 grudzie\u0144<\/p>\n<p>3 stycze\u0144<\/p>\n<p>Miejsce zaj\u0119\u0107: Klub Aktywno\u015bci Spo\u0142ecznej w Serocku ul. Ko\u015bciuszki 8a.<\/p>\n<p><strong><u>Warsztaty ogrodnicze<\/u><\/strong><\/p>\n<p>W tym semestrze odb\u0119d\u0105 si\u0119 2 spotkania w nast\u0119puj\u0105cych terminach:<\/p>\n<p>9 pa\u017adziernika godz. 16<\/p>\n<p>27 listopada godz. 16<\/p>\n<p>Warsztaty prowadzi: Henryka Maziarz Owczarczy.<\/p>\n<p>Miejsce zaj\u0119\u0107: Klub Aktywno\u015bci Spo\u0142ecznej w Serocku ul. Ko\u015bciuszki 8a.<\/p>\n<p>&nbsp;<\/p>\n<p>&nbsp;<\/p>\n","protected":false},"excerpt":{"rendered":"<p>Zaj\u0119cia fakultatywne W semestrze zimowym prowadzone s\u0105 nast\u0119puj\u0105ce zaj\u0119cia fakultatywne do wyboru przez s\u0142uchaczy. Gimnastyka dla senior\u00f3w Zaj\u0119cia odbywaj\u0105 si\u0119 3 razy w tygodniu po jednej godzinie w poniedzia\u0142ki, \u015brody i pi\u0105tki w 2 grupach: I grupa godz. 8.10 \u2013 9.10 II grupa godz. 10.10 \u2013 11.10 Zaj\u0119cia prowadzi p. Kinga Fr\u0105ckiewicz. Miejsce zaj\u0119\u0107: Sala <a href=\"https:\/\/serockaakademia.pl\/index.php\/zajecia-fakultatywne\/\" class=\"more-link\">Czytaj dalej...<span class=\"screen-reader-text\"> \"zaj\u0119cia fakultatywne\"<\/span><\/a><\/p>\n","protected":false},"author":1,"featured_media":0,"parent":0,"menu_order":0,"comment_status":"closed","ping_status":"closed","template":"","meta":{"footnotes":""},"class_list":["post-109","page","type-page","status-publish","h-entry","hentry","h-as-page"],"_links":{"self":[{"href":"https:\/\/serockaakademia.pl\/index.php\/wp-json\/wp\/v2\/pages\/109","targetHints":{"allow":["GET"]}}],"collection":[{"href":"https:\/\/serockaakademia.pl\/index.php\/wp-json\/wp\/v2\/pages"}],"about":[{"href":"https:\/\/serockaakademia.pl\/index.php\/wp-json\/wp\/v2\/types\/page"}],"author":[{"embeddable":true,"href":"https:\/\/serockaakademia.pl\/index.php\/wp-json\/wp\/v2\/users\/1"}],"replies":[{"embeddable":true,"href":"https:\/\/serockaakademia.pl\/index.php\/wp-json\/wp\/v2\/comments?post=109"}],"version-history":[{"count":4,"href":"https:\/\/serockaakademia.pl\/index.php\/wp-json\/wp\/v2\/pages\/109\/revisions"}],"predecessor-version":[{"id":736,"href":"https:\/\/serockaakademia.pl\/index.php\/wp-json\/wp\/v2\/pages\/109\/revisions\/736"}],"wp:attachment":[{"href":"https:\/\/serockaakademia.pl\/index.php\/wp-json\/wp\/v2\/media?parent=109"}],"curies":[{"name":"wp","href":"https:\/\/api.w.org\/{rel}","templated":true}]}}

zajęcia fakultatywne

<p style="text-align: center;"><strong>Zajęcia fakultatywne</strong></p>
<p>W semestrze zimowym prowadzone są następujące zajęcia fakultatywne do wyboru przez słuchaczy.</p>
<p><strong><u>Gimnastyka dla seniorów </u></strong></p>
<p>Zajęcia odbywają się 3 razy w tygodniu po jednej godzinie w poniedziałki, środy i piątki w 2 grupach:</p>
<p><strong>I grupa godz. 8.10 – 9.10</strong></p>
<p><strong>II grupa godz. 10.10 – 11.10</strong></p>
<p>Zajęcia prowadzi p. Kinga Frąckiewicz.</p>
<p>Miejsce zajęć: Sala Widowiskowa CKiCz w Serocku ul. Pułtuska 35.</p>
<p><strong><u>Trening pamięci </u></strong></p>
<p>Zajęcia odbywają się co 2 tygodnie po 2 godziny lekcyjne <strong>w co drugi wtorek  godz. 9.30 –</strong> <b>11.00.</b></p>
<p>Zajęcia prowadzi psycholog Wanda Uszok.</p>
<p>Planowane terminy zajęć:</p>
<p>10 i 24 październik</p>
<p>7 i 21 listopad</p>
<p>5 i 19 grudzień</p>
<p>9 styczeń</p>
<p>Miejsce zajęć: Klub Aktywności Społecznej w Serocku ul. Kościuszki 8a.</p>
<p><strong><u>Konsultacje komputerowe </u></strong></p>
<p>Konsultacje odbywają się w cyklu 2 tygodniowym po 2 godziny lekcyjne w środy w <strong style="font-size: 1rem;">godz. 16.00 – 17.30 po 21.</strong></p>
<p>Zajęcia prowadzi Kazimierz Niziński.</p>
<p>Planowane terminy zajęć:</p>
<p>11 i 25 październik</p>
<p>8 i 22 listopad</p>
<p>6 i 20 grudzień</p>
<p>3 styczeń</p>
<p>Miejsce zajęć: Klub Aktywności Społecznej w Serocku ul. Kościuszki 8a.</p>
<p><strong><u>Warsztaty ogrodnicze</u></strong></p>
<p>W tym semestrze odbędą się 2 spotkania w następujących terminach:</p>
<p>9 października godz. 16</p>
<p>27 listopada godz. 16</p>
<p>Warsztaty prowadzi: Henryka Maziarz Owczarczy.</p>
<p>Miejsce zajęć: Klub Aktywności Społecznej w Serocku ul. Kościuszki 8a.</p>
<p>&nbsp;</p>
<p>&nbsp;</p>

<p>Zajęcia fakultatywne W semestrze zimowym prowadzone są następujące zajęcia fakultatywne do wyboru przez słuchaczy. Gimnastyka dla seniorów Zajęcia odbywają się 3 razy w tygodniu po jednej godzinie w poniedziałki, środy i piątki w 2 grupach: I grupa godz. 8.10 – 9.10 II grupa godz. 10.10 – 11.10 Zajęcia prowadzi p. Kinga Frąckiewicz. Miejsce zajęć: Sala <a href="https://serockaakademia.pl/index.php/zajecia-fakultatywne/" class="more-link">Czytaj dalej...<span class="screen-reader-text"> "zajęcia fakultatywne"</span></a></p>
