{"id":32,"date":"2017-03-03T13:36:40","date_gmt":"2017-03-03T12:36:40","guid":{"rendered":"http:\/\/www.sas.wnecie.pl\/?page_id=32"},"modified":"2026-03-03T11:03:32","modified_gmt":"2026-03-03T10:03:32","slug":"sklad-zarzadu","status":"publish","type":"page","link":"https:\/\/serockaakademia.pl\/index.php\/sklad-zarzadu\/","title":{"rendered":"sk\u0142ad zarz\u0105du"},"content":{"rendered":"<p><strong>Zarz\u0105d:<\/strong><\/p>\n<p>El\u017cbieta Dygasiewicz - prezes zarz\u0105du<\/p>\n<p>Gra\u017cyna Staniszewska - wiceprezes zarz\u0105du<\/p>\n<p>Ewa Zaj\u0105c - sekretarz<\/p>\n<p>Teresa Osi\u0144ska-\u0141ab\u0119d\u017a \u2013 skarbnik<\/p>\n<p>Gra\u017cyna \u0141obodda - cz\u0142onek zarz\u0105du<\/p>\n<p>El\u017cbieta Koprzywa\u00a0 - cz\u0142onek zarz\u0105du<\/p>\n<p>Henryk Naklicki - cz\u0142onek zarz\u0105du<\/p>\n<p>&nbsp;<\/p>\n","protected":false},"excerpt":{"rendered":"<p>Zarz\u0105d: El\u017cbieta Dygasiewicz - prezes zarz\u0105du Gra\u017cyna Staniszewska - wiceprezes zarz\u0105du Ewa Zaj\u0105c - sekretarz Teresa Osi\u0144ska-\u0141ab\u0119d\u017a \u2013 skarbnik Gra\u017cyna \u0141obodda - cz\u0142onek zarz\u0105du El\u017cbieta Koprzywa\u00a0 - cz\u0142onek zarz\u0105du Henryk Naklicki - cz\u0142onek zarz\u0105du &nbsp;<\/p>\n","protected":false},"author":1,"featured_media":0,"parent":0,"menu_order":0,"comment_status":"closed","ping_status":"closed","template":"","meta":{"footnotes":""},"class_list":["post-32","page","type-page","status-publish","h-entry","hentry","h-as-page"],"_links":{"self":[{"href":"https:\/\/serockaakademia.pl\/index.php\/wp-json\/wp\/v2\/pages\/32","targetHints":{"allow":["GET"]}}],"collection":[{"href":"https:\/\/serockaakademia.pl\/index.php\/wp-json\/wp\/v2\/pages"}],"about":[{"href":"https:\/\/serockaakademia.pl\/index.php\/wp-json\/wp\/v2\/types\/page"}],"author":[{"embeddable":true,"href":"https:\/\/serockaakademia.pl\/index.php\/wp-json\/wp\/v2\/users\/1"}],"replies":[{"embeddable":true,"href":"https:\/\/serockaakademia.pl\/index.php\/wp-json\/wp\/v2\/comments?post=32"}],"version-history":[{"count":7,"href":"https:\/\/serockaakademia.pl\/index.php\/wp-json\/wp\/v2\/pages\/32\/revisions"}],"predecessor-version":[{"id":2986,"href":"https:\/\/serockaakademia.pl\/index.php\/wp-json\/wp\/v2\/pages\/32\/revisions\/2986"}],"wp:attachment":[{"href":"https:\/\/serockaakademia.pl\/index.php\/wp-json\/wp\/v2\/media?parent=32"}],"curies":[{"name":"wp","href":"https:\/\/api.w.org\/{rel}","templated":true}]}}